{"id":117,"date":"2014-09-08T17:52:38","date_gmt":"2014-09-08T15:52:38","guid":{"rendered":"http:\/\/middeleeuwen-meer.nl\/?page_id=117"},"modified":"2022-04-20T09:34:36","modified_gmt":"2022-04-20T07:34:36","slug":"1000-jaar-mozaieken-in-rome-350-1350","status":"publish","type":"page","link":"https:\/\/middeleeuwen-meer.nl\/?page_id=117","title":{"rendered":"1000 jaar moza\u00efeken in Rome (350-1350)"},"content":{"rendered":"<h5 style=\"text-align: justify;\">Het nog jonge christendom sloot in de vierde eeuw na Christus met de kerkenbouw aan bij de klassieke Romeinse vormen zoals de basilica. Ook de vormentaal van de moza\u00efeken was in eerste instantie ge\u00efnspireerd door de omringende voorbeelden uit de Romeinse oudheid. Naarmate de tijd vorderde gebruikten de kunstenaars steeds abstractere uitdrukkingsvormen. Naast uitbeelding van het leven van heiligen en sc\u00e8nes uit de bijbel kwamen ook theologische thema\u2019s aan bod, zoals de verering van het kruis en de <em>ecclesia bipartita<\/em> waarin tot uitdrukking komt dat in de kerk van Christus de christenen uit het jodendom en uit het heidendom \u00e9\u00e9n gemeenschap vormen. Ook gaven de moza\u00efeken soms inzicht over de positie van de paus ten opzichte van de keizer.<br \/>\nDe stichting van de kerken werd vaak verteld in prachtige legendes. De plaats, waar de Maria Maggiore moest worden gebouwd, werd volgens een legende door Maria aangegeven op de plek waar het in mei sneeuwde. Vaak werden de kerken in Rome gebouwd op een plek waar de geschiedenis bijna letterlijk kon worden aangeraakt. Zo is de San Pudenzia gebouwd op de resten van het huis waar senator Pudens Petrus heeft ontvangen.<\/h5>\n<h5 style=\"text-align: justify;\">Deze lezing voert u langs hoogtepunten van vroegchristelijke \u00e9n romaanse moza\u00efekkunst die te vinden zijn in de Santa Maria Maggiore, de San Clemente en vele andere kerken.<\/h5>\n<p>&nbsp;<\/p>\n<p style=\"text-align: justify;\"><a href=\"http:\/\/middeleeuwen-meer.nl\/wp-content\/uploads\/2014\/09\/1000-jaar-mozaieken.jpg\"><img loading=\"lazy\" class=\"alignnone size-medium wp-image-184\" src=\"http:\/\/middeleeuwen-meer.nl\/wp-content\/uploads\/2014\/09\/1000-jaar-mozaieken-300x126.jpg\" alt=\"1000 jaar mozaieken\" width=\"300\" height=\"126\" srcset=\"https:\/\/middeleeuwen-meer.nl\/wp-content\/uploads\/2014\/09\/1000-jaar-mozaieken-300x126.jpg 300w, https:\/\/middeleeuwen-meer.nl\/wp-content\/uploads\/2014\/09\/1000-jaar-mozaieken-1024x431.jpg 1024w, https:\/\/middeleeuwen-meer.nl\/wp-content\/uploads\/2014\/09\/1000-jaar-mozaieken.jpg 1632w\" sizes=\"(max-width: 300px) 100vw, 300px\" \/><\/a><\/p>\n<h5><em>Een detail van de absis van de San Clemente in Rome. herten drinken van het water van de vier rivieren van het paradijs. De drinkende herten verwijzen naar Psalm 42:2 &#8220;Gelijk een hinde die naar waterbeken smacht, zo smacht mijn ziel naar U , o God&#8221;<\/em><\/h5>\n","protected":false},"excerpt":{"rendered":"<p>Het nog jonge christendom sloot in de vierde eeuw na Christus met de kerkenbouw aan bij de klassieke Romeinse vormen zoals de basilica. Ook de vormentaal van de moza\u00efeken was in eerste instantie ge\u00efnspireerd door de omringende voorbeelden uit de Romeinse oudheid. Naarmate de tijd vorderde gebruikten de kunstenaars steeds abstractere uitdrukkingsvormen. Naast uitbeelding van [&hellip;]<\/p>\n","protected":false},"author":2,"featured_media":0,"parent":0,"menu_order":0,"comment_status":"closed","ping_status":"closed","template":"","meta":[],"_links":{"self":[{"href":"https:\/\/middeleeuwen-meer.nl\/index.php?rest_route=\/wp\/v2\/pages\/117"}],"collection":[{"href":"https:\/\/middeleeuwen-meer.nl\/index.php?rest_route=\/wp\/v2\/pages"}],"about":[{"href":"https:\/\/middeleeuwen-meer.nl\/index.php?rest_route=\/wp\/v2\/types\/page"}],"author":[{"embeddable":true,"href":"https:\/\/middeleeuwen-meer.nl\/index.php?rest_route=\/wp\/v2\/users\/2"}],"replies":[{"embeddable":true,"href":"https:\/\/middeleeuwen-meer.nl\/index.php?rest_route=%2Fwp%2Fv2%2Fcomments&post=117"}],"version-history":[{"count":17,"href":"https:\/\/middeleeuwen-meer.nl\/index.php?rest_route=\/wp\/v2\/pages\/117\/revisions"}],"predecessor-version":[{"id":1738,"href":"https:\/\/middeleeuwen-meer.nl\/index.php?rest_route=\/wp\/v2\/pages\/117\/revisions\/1738"}],"wp:attachment":[{"href":"https:\/\/middeleeuwen-meer.nl\/index.php?rest_route=%2Fwp%2Fv2%2Fmedia&parent=117"}],"curies":[{"name":"wp","href":"https:\/\/api.w.org\/{rel}","templated":true}]}}