{"id":161,"date":"2014-09-10T16:11:11","date_gmt":"2014-09-10T14:11:11","guid":{"rendered":"http:\/\/middeleeuwen-meer.nl\/?page_id=161"},"modified":"2021-12-20T13:58:18","modified_gmt":"2021-12-20T12:58:18","slug":"de-mozaieken-en-het-klooster-van-monreale","status":"publish","type":"page","link":"https:\/\/middeleeuwen-meer.nl\/?page_id=161","title":{"rendered":"De moza\u00efeken en het klooster van Monreale (2 lezingen)"},"content":{"rendered":"<h5 style=\"text-align: justify;\">Omstreeks 1172 viel Willem II, de Normandische vorst van Sicili\u00eb, in slaap. In een visioen vertelde Maria aan hem dat een schat van zijn inmiddels overleden vader op een bepaalde plek in de heuvels van het koninklijk jachtterrein (de Mont Reale) lag. Hij vond de schat en uit dankbaarheid besloot hij een kerk en klooster, genaamd Monreale, te bouwen. De kerk was binnen tien jaar klaar, een feit waarover paus Alexander de IIIe schreef dat sedert de Oudheid een dergelijke prestatie niet eerder was vertoond. De bezoeker van de kerk wordt bij binnenkomst overrompeld door de betoverende schoonheid. Honderden Oud- en Nieuw- Testamentische figuren bevolken de muren van de kerk, allen gerangschikt in iconografische en chronologische volgorde. Het klooster was ongeveer 10 jaar later klaar. De inspiratie voor de romaanse kapitelen haalden de beeldhouwers uit het Oude en Nieuwe Testament, de mythologie, bestiaria en contemporaine gebeurtenissen. Soms gebruikten de makers een geheel eigen beeldtaal. Het klooster en de kerk zijn gebouwd in de Siciliaans-Normandische stijl, dat wil zeggen een mix van Byzantijnse, Arabische en Franse stijlen en motieven. Aan de hand van uitgebreid beeldmateriaal wordt de (kunst)historische achtergrond van de moza\u00efeken van de kerk en de kapitelen van het klooster belicht. Deze twee lezingen kunnen op gesplitst worden gegeven in \u00e9\u00e9n over de moza\u00efeken en \u00e9\u00e9n over de kapitelen van het klooster.<\/h5>\n<p style=\"text-align: justify;\"><a href=\"http:\/\/middeleeuwen-meer.nl\/wp-content\/uploads\/2014\/09\/aaaa23.png\"><img loading=\"lazy\" class=\"alignnone size-medium wp-image-436\" src=\"http:\/\/middeleeuwen-meer.nl\/wp-content\/uploads\/2014\/09\/aaaa23-280x300.png\" alt=\"aaaa\" width=\"280\" height=\"300\" srcset=\"https:\/\/middeleeuwen-meer.nl\/wp-content\/uploads\/2014\/09\/aaaa23-280x300.png 280w, https:\/\/middeleeuwen-meer.nl\/wp-content\/uploads\/2014\/09\/aaaa23.png 478w\" sizes=\"(max-width: 280px) 100vw, 280px\" \/><\/a><\/p>\n<h5><em>Detailopname van de\u00a0moza\u00efeken\u00a0van Monreale, dat het moment afbeeldt dat God met de woorden\u00a0 \u201cer zij licht\u201d het licht cre\u00ebert. (Genesis 1:3)\u00a0 Volgens Augustinus werden op dat moment de engelen geschapen.\u00a0<\/em><em>In de Middeleeuwen werd daarom de schepping van het licht tegelijk met \u00a0de schepping van de engelen afgebeeld.<\/em><\/h5>\n","protected":false},"excerpt":{"rendered":"<p>Omstreeks 1172 viel Willem II, de Normandische vorst van Sicili\u00eb, in slaap. In een visioen vertelde Maria aan hem dat een schat van zijn inmiddels overleden vader op een bepaalde plek in de heuvels van het koninklijk jachtterrein (de Mont Reale) lag. Hij vond de schat en uit dankbaarheid besloot hij een kerk en klooster, [&hellip;]<\/p>\n","protected":false},"author":2,"featured_media":0,"parent":0,"menu_order":0,"comment_status":"closed","ping_status":"closed","template":"","meta":[],"_links":{"self":[{"href":"https:\/\/middeleeuwen-meer.nl\/index.php?rest_route=\/wp\/v2\/pages\/161"}],"collection":[{"href":"https:\/\/middeleeuwen-meer.nl\/index.php?rest_route=\/wp\/v2\/pages"}],"about":[{"href":"https:\/\/middeleeuwen-meer.nl\/index.php?rest_route=\/wp\/v2\/types\/page"}],"author":[{"embeddable":true,"href":"https:\/\/middeleeuwen-meer.nl\/index.php?rest_route=\/wp\/v2\/users\/2"}],"replies":[{"embeddable":true,"href":"https:\/\/middeleeuwen-meer.nl\/index.php?rest_route=%2Fwp%2Fv2%2Fcomments&post=161"}],"version-history":[{"count":10,"href":"https:\/\/middeleeuwen-meer.nl\/index.php?rest_route=\/wp\/v2\/pages\/161\/revisions"}],"predecessor-version":[{"id":1642,"href":"https:\/\/middeleeuwen-meer.nl\/index.php?rest_route=\/wp\/v2\/pages\/161\/revisions\/1642"}],"wp:attachment":[{"href":"https:\/\/middeleeuwen-meer.nl\/index.php?rest_route=%2Fwp%2Fv2%2Fmedia&parent=161"}],"curies":[{"name":"wp","href":"https:\/\/api.w.org\/{rel}","templated":true}]}}