{"id":165,"date":"2014-09-10T16:33:40","date_gmt":"2014-09-10T14:33:40","guid":{"rendered":"http:\/\/middeleeuwen-meer.nl\/?page_id=165"},"modified":"2021-12-20T17:28:17","modified_gmt":"2021-12-20T16:28:17","slug":"het-klooster-van-santa-domingo-te-silos","status":"publish","type":"page","link":"https:\/\/middeleeuwen-meer.nl\/?page_id=165","title":{"rendered":"Het klooster van Santa Domingo te Silos"},"content":{"rendered":"<h5 style=\"text-align: justify;\">Nadat de pelgrim op weg naar Santiago de Compostella door het land van de barbaarse Navaren was getrokken, restte de laatste etappe van de pelgrimsroute, de zogeheten camino franc\u00e9s. Met de pelgrims kwam een stroom aan handwerkslieden en kunstenaars uit Frankrijk mee. Tot de indrukwekkendste voorbeelden van romaanse sculptuur in Spanje behoren de gaaf bewaarde kapitelen en reli\u00ebfs in de kloostergang van het klooster van Santo Domingo de Silos. De reli\u00ebfs tonen Bijbelse sc\u00e8nes die qua iconografie sterk be\u00efnvloed zijn door die van de kloostergang van Moissac. Harpijen en andere demonische wezens bevolken de kapitelen. In de tijd dat het klooster werd gebouwd was de mozarabische kunst (de Christelijke kunst die ontstond tijdens de Moorse overheersing) al aan het verdwijnen. De islamitische overheersers waren verdreven uit het Noorden van Spanje en daarmee verdween ook langzamerhand de mozarabische kunst. Toch herkennen wij in de beeldhouwkunst van Silos nog mozarabische elementen. Terwijl het romaanse klooster gebouwd werd, kopieerden en illustreerden de monniken het wereldberoemde commentaar op de Apocalyps van Beatus van Liebana. Dit prachtig ge\u00efllustreerde meesterwerk is nog grotendeels in Mozarabische stijl.<\/h5>\n<p style=\"text-align: justify;\"><a href=\"http:\/\/middeleeuwen-meer.nl\/wp-content\/uploads\/2014\/09\/aaaa25.png\"><img loading=\"lazy\" class=\"alignnone size-medium wp-image-443\" src=\"http:\/\/middeleeuwen-meer.nl\/wp-content\/uploads\/2014\/09\/aaaa25-300x234.png\" alt=\"aaaa\" width=\"300\" height=\"234\" srcset=\"https:\/\/middeleeuwen-meer.nl\/wp-content\/uploads\/2014\/09\/aaaa25-300x234.png 300w, https:\/\/middeleeuwen-meer.nl\/wp-content\/uploads\/2014\/09\/aaaa25.png 594w\" sizes=\"(max-width: 300px) 100vw, 300px\" \/><\/a><\/p>\n<h5><em>Detail van het Pinksterrelief in Silos<\/em><\/h5>\n","protected":false},"excerpt":{"rendered":"<p>Nadat de pelgrim op weg naar Santiago de Compostella door het land van de barbaarse Navaren was getrokken, restte de laatste etappe van de pelgrimsroute, de zogeheten camino franc\u00e9s. Met de pelgrims kwam een stroom aan handwerkslieden en kunstenaars uit Frankrijk mee. Tot de indrukwekkendste voorbeelden van romaanse sculptuur in Spanje behoren de gaaf bewaarde [&hellip;]<\/p>\n","protected":false},"author":2,"featured_media":0,"parent":0,"menu_order":0,"comment_status":"closed","ping_status":"closed","template":"","meta":[],"_links":{"self":[{"href":"https:\/\/middeleeuwen-meer.nl\/index.php?rest_route=\/wp\/v2\/pages\/165"}],"collection":[{"href":"https:\/\/middeleeuwen-meer.nl\/index.php?rest_route=\/wp\/v2\/pages"}],"about":[{"href":"https:\/\/middeleeuwen-meer.nl\/index.php?rest_route=\/wp\/v2\/types\/page"}],"author":[{"embeddable":true,"href":"https:\/\/middeleeuwen-meer.nl\/index.php?rest_route=\/wp\/v2\/users\/2"}],"replies":[{"embeddable":true,"href":"https:\/\/middeleeuwen-meer.nl\/index.php?rest_route=%2Fwp%2Fv2%2Fcomments&post=165"}],"version-history":[{"count":5,"href":"https:\/\/middeleeuwen-meer.nl\/index.php?rest_route=\/wp\/v2\/pages\/165\/revisions"}],"predecessor-version":[{"id":1665,"href":"https:\/\/middeleeuwen-meer.nl\/index.php?rest_route=\/wp\/v2\/pages\/165\/revisions\/1665"}],"wp:attachment":[{"href":"https:\/\/middeleeuwen-meer.nl\/index.php?rest_route=%2Fwp%2Fv2%2Fmedia&parent=165"}],"curies":[{"name":"wp","href":"https:\/\/api.w.org\/{rel}","templated":true}]}}